what is -11 + -1302?
-1313
In base 12, what is -40 + 1?
-3b
In base 10, what is 3 + -80?
-77
In base 12, what is 10b + -11?
ba
In base 16, what is 3d + -c?
31
In base 15, what is 3c08 - -3?
3c0b
In base 4, what is 13232 + 10?
13302
In base 7, what is 62510 - 4?
62503
In base 15, what is -2 - 9?
-b
In base 11, what is -5 + aa5?
aa0
In base 6, what is 3111 - -34?
3145
In base 9, what is 4 - 11?
-6
In base 4, what is 2 + 30231?
30233
In base 7, what is 632 - -5?
640
In base 7, what is 11 - -5005?
5016
In base 9, what is -338 - 7?
-346
In base 4, what is 32 - -10?
102
In base 4, what is 3 + -101?
-32
In base 3, what is -2 - 10121?
-10200
In base 12, what is -2 - 377?
-379
In base 11, what is 145 + -8?
138
In base 12, what is -29 + 15?
-14
In base 8, what is -146 - 6?
-154
In base 4, what is 122 - -200?
322
In base 5, what is 2320 + 3?
2323
In base 9, what is 3 + -47?
-44
In base 11, what is 37 - 7a?
-43
In base 9, what is 4 + 2156?
2161
In base 4, what is 2221 + -20?
2201
In base 11, what is 2 + -309?
-307
In base 15, what is -9 - 294?
-29d
In base 16, what is 91 + -6?
8b
In base 10, what is 5 - 168?
-163
In base 7, what is -20 - -1363?
1343
In base 6, what is 201 + 13?
214
In base 11, what is -3 - -a?
7
In base 12, what is 78b + 1?
790
In base 9, what is -81 - -4?
-76
In base 15, what is 0 + 19?
19
In base 5, what is 31 + -114?
-33
In base 3, what is 11 + 10220?
11001
In base 5, what is 3 + -301?
-243
In base 6, what is -124 + 5?
-115
In base 15, what is 8780 - -1?
8781
In base 15, what is -2 + -17?
-19
In base 8, what is 27 + 2?
31
In base 4, what is 2232 - 102?
2130
In base 4, what is 31 + -2210?
-2113
In base 5, what is 341 + -12?
324
In base 10, what is 6 - 1351?
-1345
In base 14, what is 71d - 5?
718
In base 11, what is 8 - 54?
-47
In base 5, what is 10 + -234?
-224
In base 9, what is 14 + -15?
-1
In base 7, what is 1 + -65?
-64
In base 6, what is -50 - 20?
-110
In base 4, what is -10 - 12?
-22
In base 8, what is -11 - 335?
-346
In base 10, what is -5 + -315?
-320
In base 8, what is -101 + -2?
-103
In base 4, what is 10 + 103232?
103302
In base 11, what is -5 - 40?
-45
In base 10, what is 4 - 11?
-7
In base 9, what is 13 - -5?
18
In base 15, what is 29b - 1?
29a
In base 9, what is -11 + -20?
-31
In base 8, what is -10132 + -2?
-10134
In base 2, what is -11100100 - -11111?
-11000101
In base 11, what is -8 + a8?
a0
In base 8, what is -2 + 326?
324
In base 11, what is 16 + 24?
3a
In base 8, what is 170 + 33?
223
In base 6, what is -523053 - 2?
-523055
In base 16, what is 10 - 1d?
-d
In base 3, what is 1001102 + 2?
1001111
In base 15, what is -2 + 34?
32
In base 8, what is -23 - -7?
-14
In base 4, what is -100 - -210?
110
In base 5, what is -230 - -10?
-220
In base 5, what is 133 + 2?
140
In base 16, what is -4 - -3e1?
3dd
In base 8, what is 131 + 2?
133
In base 5, what is -410111 - -2?
-410104
In base 8, what is 41 + -46?
-5
In base 8, what is 1 - 54?
-53
In base 16, what is 5 + -1a?
-15
In base 2, what is 1000 + 110110?
111110
In base 13, what is 166 - 3?
163
In base 3, what is -1212012 + 2?
-1212010
In base 3, what is 10 + 2001222?
2002002
In base 14, what is 4 - c83?
-c7d
In base 2, what is -111 - 10011110?
-10100101
In base 2, what is 100 - -1001011?
1001111
In base 3, what is 2020011201 + -2?
2020011122
In base 5, what is 0 + 121?
121
In base 2, what is 100111100101 - 10?
100111100011
In base 13, what is 48 + -c?
39
In base 4, what is 2331 + -2?
2323
In base 16, what is 486b + -5?
4866
In base 10, what is -2 - -52?
50
In base 3, what is 0 - 22022?
-22022
In base 7, what is 35 - -1?
36
In base 13, what is -73 - b?
-81
In base 11, what is 2 + 49?
50
In base 14, what is -4 + -93?
-97
In base 5, what is 41132 + -4?
41123
In base 8, what is 4304 + -5?
4277
In base 7, what is -350 - -5?
-342
In base 10, what is -414 - -1?
-413
In base 7, what is -1 - 450?
-451
In base 5, what is 10 - -2042?
2102
In base 9, what is -37 - 23?
-61
In base 4, what is -1133011 - -10?
-1133001
In base 5, what is -1 + -34424?
-34430
In base 13, what is 8 - -42?
4a
In base 5, what is 100 + 21?
121
In base 9, what is -5 + 407?
402
In base 16, what is -3ae2 - 1?
-3ae3
In base 6, what is -3 + -105?
-112
In base 5, what is -2 - 2232?
-2234
In base 13, what is -1c98 + -3?
-1c9b
In base 7, what is -22535 + 1?
-22534
In base 12, what is -13 + b?
-4
In base 7, what is 2 - -12022?
12024
In base 13, what is -a88 + 4?
-a84
In base 3, what is 121211 + 11?
121222
In base 15, what is 2c6 - -5?
2cb
In base 5, what is 120 + -4?
111
In base 5, what is 2 - -1002?
1004
In base 6, what is -2 + 101?
55
In base 6, what is -1000 + -10?
-1010
In base 13, what is 4 - -11a?
121
In base 15, what is -dd - 1?
-de
In base 16, what is -13c5 + -4?
-13c9
In base 15, what is -9 + -b?
-15
In base 9, what is 1114 - -2?
1116
In base 11, what is 1 + 138?
139
In base 8, what is -1021 + -3?
-1024
In base 4, what is 103330 - -2?
103332
In base 6, what is -4 - 42?
-50
In base 6, what is 3 + 101?
104
In base 8, what is -4372 + -2?
-4374
In base 2, what is 11100111011011 + 11?
11100111011110
In base 15, what is -9a + 7?
-93
In base 6, what is -5 + 25?
20
In base 6, what is 42 - -121?
203
In base 2, what is 101101 + -1001?
100100
In base 5, what is 333 + 3?
341
In base 4, what is -3 + 111031?
111022
In base 7, what is 4 + 1310?
1314
In base 12, what is -1216 + -2?
-1218
In base 10, what is 62 - 28?
34
In base 4, what is -2 + -23111?
-23113
In base 10, what is -193 + -2?
-195
In base 5, what is -1 + 4100?
4044
In base 6, what is -1233 - -2?
-1231
In base 8, what is -2 + -243?
-245
In base 15, what is -1 + -e2?
-e3
In base 15, what is 29 + -5?
24
In base 9, what is 1264 - 2?
1262
In base 6, what is 11435 - 3?
11432
In base 7, what is -23 - 213?
-236
In base 8, what is -55 - 55?
-132
In base 2, what is 10000000100 - -10?
10000000110
In base 14, what is -13 - -7d?
6a
In base 14, what is -29 + -50?
-79
In base 15, what is 1094 - -3?
1097
In base 8, what is 14301 - 5?
14274
In base 2, what is 1011 - -11001?
100100
In base 12, what is 2 + -434?
-432
In base 12, what is 59 - 198?
-13b
In base 2, what is 10 - -110101?
110111
In base 5, what is 4 - 23?
-14
In base 4, what is -231 + 111?
-120
In base 14, what is 1 - -b3?
b4
In base 2, what is 1010 + 100000011?
100001101
In base 7, what is 0 - 56?
-56
In base 15, what is d - 1e?
-11
In base 9, what is -656 - 3?
-660
In base 10, what is 18 + 39?
57
In base 16, what is -1c3 - 2?
-1c5
In base 6, what is -13 - -53?
40
In base 7, what is 0 + -1240?
-1240
In base 15, what is 8 - -29?
32
In base 13, what is -2 - -12b?
129
In base 3, what is -120212211 + -11?
-120212222
In base 2, what is -11011011 - 100?
-11011111
In base 2, what is -1000100100 - -1000?
-1000011100
In base 5, what is 334011 + -3?
334003
In base 14, what is 1 - 44d?
-44c
In base 7, what is -55 - 6?
-64
In base 15, what is -21 + -54?
-75
In base 12, what is 2 + 1?
3
In base 2, what is -1000110 - -10?
-1000100
In base 6, what is -1214 + 35?
-1135
In base 6, what is -423 + -1?
-424
In base 11, what is -5 + 86?
81
In base 12, what is -1 - -1?
0
In base 8, what is -360 + -4?
-364
In base 2, what is -10010110 - -1101?
-10001001
In base 5, what is -3203 - -10?
-3143
In base 14, what is -4 + -b11?
-b15
In base 8, what is 4 - -643?
647
In base 2, what is 1000110 - 1101?
111001
In base 2, what is -100 + 110111?
110011
In base 8, what is -2 - -1302?
1300
In base 11, what is -4 + 10a?
106
In base 10, what is 4 - -1?
5
In base 10, what is 7 + 408?
415
In base 8, what is -110634 + 0?
-110634
In base 15, what is b + 191?
19c
In base 13, what is 10 - -2c?
3c
In base 12, what is -1 - 38?
-39
In base 8, what is 15 + -4?
11
In base 9, what is 132 - 7?
124
In base 14, what is -9d + -4?
-a3
In base 6, what is -202520 + -3?
-202523
In base 6, what is 104 + 1?
105
In base 16, what is 8e9 + -2?
8e7
In base 10, what is -2 + -89?
-91
In base 16, what is 6e5 + -5?
6e0
In base 11, what is 5 - 81?
-77
In base 8, what is -15 - -560?
543
In base 15, what is -5 - -119?
114
In base 9, what is 17 + -1725?
-1707
In base 12, what is -b48b + -1?
-b490
In base 11, what is 2 + -38?
-36
In base 15, what is -2 + -4c?
-4e
In base 15, what is -5d + 0?
-5d
In base 4, what is -100 + -31?
-131
In base 12, what is 5 + 67?
70
In base 11, what is 115 - 5?
110
